sor of z and 24?
6
Suppose 2*s = 4*v - 36, 3*s + s = 2*v - 6. Calculate the greatest common divisor of 55 and v.
11
Let s be -6*8/30*(-10)/4. Calculate the greatest common divisor of s and 3.
1
Let a be 23 - (-3)/((-9)/6). Let m = 36 - a. What is the greatest common factor of 15 and m?
15
Suppose 0 = -c + 17. Suppose 5*z - 175 = g, -2*g + 3*g = -z + 29. What is the greatest common divisor of c and z?
17
Suppose 0 = -4*h + h + 48. Let x be 6/(-21) - 46/(-14). Let w = 5 - x. Calculate the greatest common divisor of w and h.
2
Let s be 37 - 3/(6/8). Let v(n) = 22*n**2 - n - 1. Suppose 2*i - 8 = 0, 4*i - 12 = -3*d + 1. Let p be v(d). Calculate the greatest common divisor of s and p.
11
Let u(m) = -2*m**2 + 5*m - 3. Let a be u(3). Let l = a - -6. Suppose 0 = -2*q + 26 - l. Calculate the highest common factor of 26 and q.
13
Suppose 0 = -r + 3*s + 215, -625 = 3*r - 6*r - s. Let a be ((-1)/2)/(3/(-114)). What is the highest common divisor of r and a?
19
Let z be 3/7 + 284/7 + 1. Calculate the greatest common divisor of 21 and z.
21
Suppose 2516 = -4*c - 4*u, 6*c - u = 4*c - 1270. Let s be (-2)/4 + c/(-6). What is the highest common factor of 15 and s?
15
Suppose -2*v = -5*v + 24. Let q(m) = m**3 + 6*m**2 - 7*m + 8. Suppose 0 = -w - 8 + 1. Let c be q(w). What is the greatest common factor of c and v?
8
Let s = 113 - 105. Calculate the highest common factor of s and 8.
8
Let x(i) = i**3 + 6*i**2 + 3. Let l be x(-6). What is the greatest common divisor of 3 and l?
3
Let p be (2/6)/((-7)/(-1071)). Calculate the greatest common factor of p and 17.
17
Let c = 1 + 0. What is the greatest common factor of 7 and c?
1
Let y(a) = -a**3 - 9*a**2 - 7*a + 11. Let h be y(-8). What is the greatest common factor of h and 15?
3
Suppose -70 + 190 = 2*s. Suppose 0 = 5*j - 9*j + s. Calculate the highest common factor of 15 and j.
15
Let t(d) = 13*d - 4 - 34*d + 4. Let f be t(-2). Calculate the highest common divisor of 6 and f.
6
Let y be (3894/9)/((-2)/(-12)). Suppose -y = -5*c + 234. Suppose -5*s + c = 3*r, 4*s - 659 = -3*r - 205. What is the highest common factor of 14 and s?
14
Suppose -2*b + 5*b = 168. What is the highest common factor of 14 and b?
14
Let v be 52/12 + (-2)/6. Suppose 0*y - 52 = -y - v*s, s - 58 = -y. What is the highest common divisor of 24 and y?
12
Suppose 6*p = 2*p + 544. Let t = p + -15. What is the greatest common divisor of 11 and t?
11
Let h = 33 - 13. What is the greatest common factor of 8 and h?
4
Suppose 0 = -3*j - 40 + 190. Suppose -2*h + 4*p + 28 = 3*h, 5*p + 6 = -h. Suppose -h*i - i = -j. What is the greatest common divisor of 15 and i?
5
Let a be 2/(-8) + 5/(80/1156). Calculate the greatest common divisor of 9 and a.
9
Let k = 38 + 16. Let b be 168*(k/14 - 3). What is the greatest common divisor of 16 and b?
16
Suppose -7*i + 4*i - 165 = 0. Let w be (99/i)/((-3)/10). What is the highest common divisor of w and 4?
2
Let q be (-42)/(2/((-12)/9)). What is the highest common factor of 28 and q?
28
Suppose l + 2*u + 8 = 0, l + 5*u = -0*l - 23. Suppose -l*d = -d - 2. Calculate the highest common divisor of 22 and d.
2
Let d(b) be the third derivative of b**6/120 - b**5/10 + 7*b**4/24 + b**3/6 + 5*b**2. Let m be d(7). Calculate the greatest common divisor of 11 and m.
11
Let k = 2 + 6. What is the greatest common divisor of 8 and k?
8
Suppose 29 = -5*w - 2*k + 71, -20 = 5*k. Let f(b) = -39*b + 2. Let x be f(-2). What is the greatest common divisor of x and w?
10
Let i = 11 - 9. Suppose -i*z + 112 = 2*z. Calculate the greatest common divisor of z and 56.
28
Let c(v) = -v - v - 15 + 7. Let x be c(-9). Calculate the greatest common divisor of x and 40.
10
Let n be ((-2)/(-3) - 0) + 84/9. What is the highest common divisor of n and 10?
10
Suppose 8*c + 60 = 3*c + 5*a, a = 5*c + 52. Suppose -3*n - 4*o = 4, 5*n + 6*o = 2*o - 12. Let q = n - c. What is the highest common divisor of q and 12?
6
Let q(g) = 20*g - 3. Let f be q(2). Suppose -f - 17 = -3*t. Calculate the highest common factor of 198 and t.
18
Suppose 16 = 4*d, -2*u + 5*d + 51 = 15. Suppose 4*a = -0*a + u. What is the highest common factor of a and 77?
7
Suppose 0 = -3*z - 2*z + 10. Suppose 0 = 4*c - 3*c + 2*q - 5, -z*q + 19 = 3*c. What is the greatest common divisor of c and 77?
7
Let z(x) = 6*x**3. Let y be z(1). Calculate the highest common factor of 18 and y.
6
Suppose -f + 6*f - 25 = 0, 5*j = 2*f + 110. Calculate the highest common divisor of j and 24.
24
Let b = -46 - -124. Calculate the greatest common factor of 26 and b.
26
Suppose -6*r + 95 = -r. What is the greatest common divisor of 133 and r?
19
Let i be ((-4)/(-6))/((-6)/(-27)). Suppose 0 = -i*t + 115 + 869. Suppose -t = -4*p - n, -3*p - p = -2*n - 316. Calculate the highest common divisor of p and 9.
9
Let v(n) = -n + 36. Let p be v(24). Calculate the greatest common divisor of p and 84.
12
Let b be 2/3*9 - 4. What is the greatest common factor of 10 and b?
2
Suppose -2*j - 5*b = 0, -j + 5*j + 4*b = 0. Suppose 2*a - 7*a + 225 = j. Let g = -9 - -18. Calculate the highest common factor of g and a.
9
Let a be (-1 + 0)/((-3)/12). Suppose 2*j + 2*s - 242 = 0, -200 - 156 = -3*j + a*s. Calculate the highest common divisor of 12 and j.
12
Let p be 8 - (-2 - (0 - 0)). Suppose -h = -2*h - 5*h. Suppose h = -u + 6 + p. Calculate the highest common divisor of u and 128.
16
Let h(r) = -r**3 + 5*r**2 - 4*r - 4. Let d be h(4). Let k = d - -6. Suppose 6 = 2*u, -3*u + u - 10 = -x. What is the highest common factor of x and k?
2
Let s be (-20)/(-50) + (-33)/(-5). What is the greatest common factor of 28 and s?
7
Let b(q) = -2*q - 5. Let t be b(-4). Suppose -t*x = -3*m + 6, 4*m - 38 - 6 = -5*x. What is the highest common factor of m and 6?
6
Let a(z) = 2*z - 1. Let o be a(5). Let u be ((-78)/9)/((-3)/o). Calculate the highest common factor of 39 and u.
13
Let x be (2 - -1)/(1 + 0). Suppose 3*h - 9 = -4*u + 4, 7 = x*u + 5*h. Suppose -m + u = -6. What is the greatest common factor of 5 and m?
5
Suppose 3*l = 7*l + 4. Let k be -4*(l - 0)/(-2). Let h be 14 - (k - -8 - 3). Calculate the highest common factor of h and 33.
11
Let b be -2 - -7 - (5 - 2)/(-3). Calculate the greatest common factor of b and 3.
3
Let q(h) = -3*h - 9. Let m be q(-8). Suppose -u + m = 4*u. Suppose 0 = 2*b + u*b - 715. What is the highest common divisor of 13 and b?
13
Suppose -v = x - 13, -5*x - 2*v + 62 = -0*v. Let c = 3 + 0. Suppose 0 = -c*g + 2*g + 84. What is the greatest common divisor of x and g?
12
Suppose -49*a + 50*a - 22 = 0. Calculate the highest common factor of 11 and a.
11
Let u = -30 + 42. Calculate the greatest common divisor of u and 60.
12
Suppose 0 = -7*p + 2*p + 35. What is the greatest common factor of p and 7?
7
Let f be 0 + -1 + 53*1/1. Calculate the greatest common divisor of 91 and f.
13
Let c = 22 - 18. What is the greatest common divisor of c and 20?
4
Let m be 11/2 - (-1)/2. Suppose 2*t + 6 = -m. Let h be ((-64)/t)/((-4)/(-18)). What is the highest common divisor of 16 and h?
16
Let n(f) = -f**3 + 4*f**2 + 2*f + 5. Let w be n(4). Let k(d) = -129*d**3 + 1. Let t be k(-1). What is the highest common factor of w and t?
13
Let v(i) = i**2 - 8. Let p(y) = y**2 - y - 7. Let c(f) = -6*p(f) + 5*v(f). Let o be c(3). Calculate the greatest common factor of o and 22.
11
Suppose -3*j - 2*y + 3*y = -269, -3*j - 5*y = -275. Calculate the greatest common factor of 10 and j.
10
Let a = 17 + 6. Let r = 37 - a. Suppose 46 + r = 2*c. Calculate the highest common factor of 15 and c.
15
Suppose h + 66 = 4*h. Calculate the highest common divisor of 2 and h.
2
Let i(t) = t + 34. Let o be i(-23). Calculate the highest common divisor of 44 and o.
11
Let o(m) = 2*m - 2. Suppose -2*b + 7 = -3. Let z be o(b). Calculate the greatest common divisor of z and 4.
4
Suppose -7*r + 0*r = -539. Let f(a) = 8*a**2 - a. Let l be f(1). What is the greatest common factor of l and r?
7
Let w be (15/(-3) - -11) + 2/(-2). Calculate the highest common factor of w and 45.
5
Let t(l) = -55*l - 1. Let k be t(-1). Suppose r = -2, -2*r = p + 15 + 3. Let j = p - -20. Calculate the greatest common factor of k and j.
6
Suppose 5*o - 1960 = -4*j, 2*j - 2*o - o - 980 = 0. Suppose 4*c = -c + j. What is the greatest common factor of c and 14?
14
Let o = 13 - 18. Let h be -2*2/10*o. Suppose 5*y - q